
-1
Suppose -136 = -30*l + 14. Let d(h) be the third derivative of 0*h + 2/3*h**3 - 1/6*h**4 + 2*h**2 + 0. Give d(l).
-16
Let s(u) = u**2 + 5*u + 3. Let g = 69 - 29. Let x = 34 - g. Determine s(x).
9
Let l(o) be the second derivative of 0*o**4 + 0*o**2 - 6*o + 1/3*o**3 + 0 + 1/24*o**5. Let q(j) be the second derivative of l(j). Give q(-1).
-5
Suppose -5*t + 0*f + f + 23 = 0, 4*t = 4*f + 12. Suppose 0 = 4*y + k - 33, 0 = -t*y - 0*k - 3*k + 43. Let d(m) = m - 15. Calculate d(y).
-7
Let g(c) be the second derivative of 3/2*c**3 - 2*c + 0 + 0*c**2. Let y be 12/(-8)*(-12)/18. Determine g(y).
9
Let r = 2 - 0. Let o(m) = 0 - r*m - 3 + 4 - m**2 + 3*m. Give o(-1).
-1
Suppose 0 = -2*j - 11 + 23. Let w(z) = -5*z + 18. Determine w(j).
-12
Suppose 0 = -14*a + 2*a + 24. Let k(i) = -5*i**2 + 7*i**2 + 9 - 3*i**a + i. Give k(0).
9
Let h(s) = -4*s**2 + 18*s + 21. Let u(f) = 5*f**2 - 22*f - 22. Let g(d) = -4*h(d) - 3*u(d). What is g(8)?
-2
Let b(o) = -13*o - 31*o + 18*o. What is b(1)?
-26
Let p(m) be the third derivative of 0 + 1/6*m**3 - 1/60*m**5 + 1/8*m**4 + 0*m - 11*m**2. What is p(-2)?
-9
Let c(m) = -m**3 + 6*m**2 + m - 5. Let u be (1 - 30/20)*(-12 - 0). Calculate c(u).
1
Suppose 0 + 3 = -3*z. Let g(y) = -7*y**3 - 3. Let n(o) = 7*o**3 + 4. Let a(p) = 3*g(p) + 2*n(p). What is a(z)?
6
Let i(r) = 2*r + r + 0*r - 6 + 4. Let d = -10 + 28. Let u = -20 + d. Give i(u).
-8
Let m = -6 - -11. Suppose -8 = -3*g + m*g. Let k(b) = b**3 + 4*b**2 + 2*b + 6. Let c be k(g). Let z(h) = 2*h. What is z(c)?
-4
Let l(o) = -o**2 + 15*o - 46 + 88 - 23 - 3*o. Let y be ((-1)/1)/(6/(-78)). Give l(y).
6
Let z(i) = -3*i - 2 + 10 - 1. Suppose 4 = -4*u, 4*h + 4*u + 7 = 23. What is z(h)?
-8
Suppose 0*r + 2*x + 18 = 4*r, -5*r = 5*x + 15. Let p(g) = -3 - r*g - 10 + 4. Calculate p(-6).
3
Let u(a) = -18*a - 36*a**3 + 35*a**3 + 19*a. Give u(1).
0
Suppose -4*f + 9 = -f. Let m(g) = -3*g**2 + 6*g**3 + 3*g**2 + 5*g**f - g. Suppose -3*k - 2*k - 5 = 0. Give m(k).
-10
Let v(p) be the third derivative of -p**7/5040 + p**5/4 + 17*p**2. Let d(t) be the third derivative of v(t). Determine d(-6).
6
Let t(x) = -x - 6. Suppose 6*c - 15 = 3*c. Suppose -38 = c*b + q + 1, 0 = 2*q + 8. Determine t(b).
1
Suppose 2*d - 16 = -4*h, -5*d - 2 = 3*h - 28. Suppose -1 = -d*c - 41. Let y(o) = o**2 + 11*o + 14. Calculate y(c).
4
Let l(b) = b - 5. Suppose 0 = -3*r + 5*c + 172, -3*r = -4*c - 155 - 18. Let y = 64 - r. What is l(y)?
0
Let n = -9 + 12. Let x(h) = -2*h**3 + h**2 - 3 + 0*h**3 + 4*h + 3*h**n - 2*h**3. Let y = 4 + -2. Calculate x(y).
1
Let m(q) be the third derivative of q**6/120 - q**5/10 - 5*q**4/12 - 7*q**3/6 - 6*q**2 + 2*q. Determine m(8).
41
Let d(y) be the third derivative of y**4/24 - 7*y**3/6 - 5*y**2 + 1. Determine d(7).
0
Suppose -4*f - 5*v = -0*v - 9, -2*f - 4*v = -12. Let g(a) be the third derivative of a**2 + 0*a + 1/6*a**3 - 1/8*a**4 + 0. Calculate g(f).
13
Let j = 92 - 88. Let p(d) = 4*d + 0*d**2 + 2 - 16*d + d**2 + 6*d. Give p(j).
-6
Let t(s) = s + 76. Let p = 482 + -482. Calculate t(p).
76
Let c(p) = 2*p + 4. Let v = -543 + 537. Determine c(v).
-8
Let j = -211 - -1273/6. Let x(d) be the second derivative of 1/2*d**4 + 0 + 1/20*d**5 + 3*d**2 + d + j*d**3. Give x(-4).
10
Let r(g) = -9*g**2 + 21*g - 1. Let j(w) = 4*w**2 - 10*w + 1. Let m(d) = -2*d - 35. Let o be m(-14). Let y(f) = o*j(f) - 3*r(f). Calculate y(7).
-4
Suppose -4*m = -7 - 5. Let v(f) = -2*f. Let w(j) = -1. Suppose 9*p - 8*p = 2. Let l(r) = p*w(r) + v(r). Determine l(m).
-8
Suppose 89*o = 97*o. Let s(n) = n**3 - 2*n**2 - 2*n - 2. Calculate s(o).
-2
Let s(a) = -a**2 + 4*a - 4. Suppose 4*u = -96 - 28. Let i = -27 - u. What is s(i)?
-4
Let n(v) = -v - 3. Suppose -3*q - 3 = 5*d + 3, 2*d = -5*q - 10. Suppose 2*z + 0*z - 28 = d. Let l be (-4)/(-14) + (-60)/z. Give n(l).
1
Let o be 1/4 + (-1)/4. Let d = -46 + 46. Let w(v) = -20*v**3 - v**2 + d - 5 + 2 + 21*v**3. Calculate w(o).
-3
Let b(p) = 3. Let m(t) = t + 20. Let d(c) = -5*b(c) + m(c). What is d(0)?
5
Suppose 1 = 2*w - 11. Suppose -c - 4 = w. Let a = c - -7. Let n(j) = -j**2 - j. What is n(a)?
-6
Let x(v) = -22*v - 1. Suppose 58*h + 13 = 45*h. Determine x(h).
21
Let d(c) be the third derivative of c**8/6720 - c**7/5040 + 3*c**5/20 - 15*c**2. Let f(k) be the third derivative of d(k). Give f(1).
2
Suppose 2*t = -4, -9*d - 2*t = -7*d - 4. Let w(l) = 17*l - 16*l - 4 + d + 6. Calculate w(-10).
-4
Let s(a) = -12*a - 4*a - 3 + a**2 + 0 + 5 + 0*a**2. Calculate s(16).
2
Let m(a) = a**2 + 6*a - 4. Let i(u) = u**2. Let j(h) = -2*i(h) + m(h). Calculate j(4).
4
Suppose 0 = -f + 12 + 23. Let m(q) = f*q + 2 - q**2 - 30*q - 3. Calculate m(6).
-7
Let p(c) be the first derivative of c**2 + 1/3*c**3 + 0*c + 40. What is p(-3)?
3
Let j(f) = 10*f. Let n(z) = z - 17. Let t be n(18). Let x(v) = -v. Let p be x(t). What is j(p)?
-10
Let g be (1 - -2) + -6 + 7. Let u(s) = -18*s + s**3 + g + 13*s + 6*s. Determine u(0).
4
Let p(v) = -8*v**2 + 18*v + 12. Let f(h) = 3*h**2 - 6*h - 4. Let q(x) = -11*f(x) - 4*p(x). Let l = -10 - -9. Let o = l - 3. Calculate q(o).
4
Let n(y) = -6*y**2 + 63*y + 25. Let d be n(11). Suppose -2*s = 3*s - 45. Let j = d + s. Let w(v) = 4*v**3 - v**2 + 1. Give w(j).
4
Let q(f) = -8*f - 3 + 3*f - 3*f**2 - 5*f + 0 + f**3. Let s be q(5). Let m(z) = z**3 + z**2 - 2*z + 1. Determine m(s).
-11
Let s = -50 - -56. Let n be (s/1)/(5 + (-21)/6). Let z(w) = -5 + w**3 - 4*w**2 + 5 + 5 - 2*w. What is z(n)?
-3
Let z = 89 - 96. Let g(p) = -p**2 - 8*p + 5. Calculate g(z).
12
Let h(o) = 2*o - 26. Let g(i) = -5*i + 57. Let j(k) = 3*g(k) + 7*h(k). Give j(-18).
7
Suppose 0 = -5*a + 3*a + 3*f - 8, 0 = 5*a - 5*f + 10. Suppose -a*p - 2 = -14. Let v(d) = -d + 1. Determine v(p).
-5
Let y(x) = 7 - 54*x**2 + 0 + 160*x**2 + 2*x - 56*x**2 - 51*x**2. What is y(5)?
-8
Let w(l) = -l**2 + 2*l - 1. Let b be 1/(-2) + 15/6. Determine w(b).
-1
Let g(l) = -l**2 - 4*l + 12. Let h(p) = 2*p**3 + 44*p**2 - 5*p - 117. Let u be h(-22). What is g(u)?
-9
Let h(u) = -u**2 + 3*u + 1. Let s be h(4). Let f = s - -7. Suppose f*p - 8 = -w, 2*p - 5*p + 3*w = -21. Let y(m) = 2*m. Give y(p).
6
Let z(v) = -130*v**3 + 4*v**2 - 153*v**3 - 17 + 282*v**3 + 14*v. Calculate z(6).
-5
Let t(a) = -a**3 + 8*a**2 + 9*a - 12. Suppose 101*l - 160 = 81*l. What is t(l)?
60
Suppose 466 = 2*d + 478. Let l(z) = z**3 + 6*z**2 - z - 5. What is l(d)?
1
Suppose 2*x = 2*n - 0 + 4, -2*x - 5 = n. Let v(s) be the third derivative of 7*s**5/30 - s**4/24 + 92*s**2 + 6*s. Give v(x).
15
Let m(h) = h - 5. Let t(r) = r**2 - 9*r - 34. Let k(z) = -4*m(z) + t(z). Give k(11).
-36
Let y(s) = 3*s**2 + 13*s + 19. Let l(a) = a**2 + 6*a + 9. Let g(d) = -5*l(d) + 2*y(d). Let u be g(-2). Let r(o) = 2*o - 7. What is r(u)?
3
Let t(w) be the first derivative of -w**6/120 + w**5/10 - w**4/24 + 4*w**3/3 - 7*w**2 - 15. Let p(b) be the second derivative of t(b). What is p(6)?
2
Suppose -i = 0, -16 + 11 = -p + 4*i. Let m(t) = -1788 + t**3 - 5*t**2 - p*t + 1788. Give m(6).
6
Suppose 11*j = -77 + 55. Let w(i) = -i**3 - 4*i**2 - 5*i - 3. Calculate w(j).
-1
Let r(u) be the third derivative of u**5/60 - u**4/2 - u**3/2 + 215*u**2. Calculate r(13).
10
Let h(m) = -m**3 - m**2 - 45. Let p = -1803 - -1803. Determine h(p).
-45
Let r = -5 - -5. Let q(w) = -w**3 - 10*w**2 + 10*w - 9. Let p be q(-11). Let i(j) = j**2 - j + 0*j**2 - 1 + 2*j**2 - 2*j**p. Give i(r).
-1
Let m(o) = -2. Let y(b) = 1. Let p(a) = m(a) + 4*y(a). Let g be -4*((-4)/16 - (-3)/(-12)). Let c(k) = k + 3. Let x(v) = g*p(v) - 3*c(v). Give x(-5).
10
Suppose 4*l = 2 + 2. Let x(a) = 2*a - 4 - 2*a**2 + 3 + a**2 + 12*a**3. Give x(l).
12
Let w(o) = 3 + 2 - 3095*o + 3094*o. Let r(m) = m**3 - m + 7. Let g be r(0). Suppose -4*i + p = g - 5, -2 = 3*i - p. What is w(i)?
5
Let j(u) = -u - 4. Let z be (-36)/14 + -1 + 9/(-21). Give j(z).
0
Let d(a) = 2*a**2 + 12*a - 9. Let w be d(-7). Let b(u) = -u**3 + 7*u**2 - 6*u - 3. Calculate b(w).
17
Suppose 36 = -9*i + 63. Let a(p) = -p**2 + 2*p. Calculate a(i).
-3
Let t(g) be the second derivative of -5*g**3/6 - g**2/2 + 3*g + 2. Give t(-5).
24
Suppose 7*o = 5*z + 3*o + 2, 3*z + 2*o - 12 = 0. Let y(f) = 4*f + 3*f + 2*f**z - 3*f - 37 + 30. Calculate y(-5).
23
Let d(m) = -m**2 - 14*m - 2. Suppose -4*i - t - 47 = 0, -5*i + 6*t - 50 = 9*t. Calculate d(i).
11
Let y(t) = 8*t**2 - 57*t + 8. Let w be y(7). Let m(k) = -6*k. W